= 3*f, 2*a - 5*f - 1 = 2. Give s(a).
-4
Let z(t) be the third derivative of -t**5/12 - 5*t**4/24 - 4*t**3/3 + 16*t**2 - 2*t + 13. Determine z(-2).
-18
Let c(l) = -681 + 3*l + 10*l + 1346 - 673 - 18*l. Calculate c(4).
-28
Let l(m) = -47*m**3 - 7*m**2 + 4*m + 48*m**3 - 30 + 11 - 11. Determine l(7).
-2
Suppose -5*m - 8 + 378 = 0. Let y = 75 - m. Let a(k) = -6*k + 1. Let d(n) = 13*n - 2. Let t(u) = -5*a(u) - 2*d(u). Give t(y).
3
Let v(m) be the third derivative of -m**6/120 - m**5/4 - m**4/24 - 3*m**3 - 710*m**2. Determine v(-15).
-3
Let o(x) = -2*x + 7 + 48*x - 29*x - 18*x. Let m be (-3)/(-2)*(-16)/(-3). Let d = m + -13. Determine o(d).
12
Let d be 24/16*(1 - 5). Let f be (-6)/d + 2 + 2. Let q(g) = g**3 - 5*g**2 - 3. Determine q(f).
-3
Let w(n) = -192 + 43 - 25 - 95 - 71*n + 626. What is w(5)?
2
Let c(m) be the third derivative of m**6/120 + m**5/60 + m**4/24 + 157*m**3/6 - 3638*m**2. What is c(0)?
157
Let m(i) = -i - 22*i**2 - 98*i**3 - 25 + 61*i**3 + 36*i**3. What is m(-22)?
-3
Let k(f) = -6*f + 2*f + 5 - 3*f**3 + 2*f**3 + 2*f**2 + 2*f**3. Let i be (3 - -3) + -13 + (6 - 3). What is k(i)?
-11
Let d(n) = 5*n + 55 - 58 - 4*n. Let b = 898 - 905. What is d(b)?
-10
Suppose r - 6*r + 30 = 0. Let a(j) be the first derivative of j**2/2 - 559. Let m(d) = -7*d + 12. Let p(s) = r*a(s) + m(s). Determine p(6).
6
Let g(a) be the first derivative of a**4/2 - a**3/3 - 4*a**2 - 8*a - 437. Determine g(-2).
-12
Let v(q) = -q**3 + q**2 + 16*q - 2. Suppose 2*h - 7*h + 5 - 25 = 0. Determine v(h).
14
Let q(i) = -i**3 - 5*i**2 - 6*i - 3. Suppose -192 = -47*s + 143*s. Calculate q(s).
-3
Suppose 0 = -0*g - 4*g + 36. Let k(w) = -2 - 449*w + 1148*w - 349*w - 351*w. Calculate k(g).
-11
Let n(a) = -a**2 + 4*a**2 + a**2 - 2*a**2 + 0*a**2 - 3*a - 3*a**2. Suppose -16 + 4 = 3*s. What is n(s)?
-4
Suppose -137*x = -81*x - 92*x + 576. Let n(q) = -q**3 + 20*q**2 - 67*q + 53. Calculate n(x).
5
Let l(o) = 5*o - 13581 - 13578 + 27158. Determine l(6).
29
Let k(z) = -z**2 - 15*z + 1. Let j(x) = -50*x**2 - 29*x + 3. Let o(b) = -j(b) + 2*k(b). What is o(-1)?
48
Let d = 21 - 26. Let k(g) = 2*g + 17 + 3*g - 11 + 5. Let u(z) = -6*z - 12. Let f(s) = 5*k(s) + 4*u(s). Give f(d).
2
Let w(h) be the second derivative of -h**3/6 - 20*h**2 - 20*h - 1. Determine w(-14).
-26
Let n(g) be the second derivative of g**5/20 - 2*g**4/3 + 2*g**3 + 11*g**2/2 - 119*g - 19. Give n(5).
-4
Let w(l) = l - 20. Let m be (-24)/324 - 5681/(-513). Determine w(m).
-9
Let w(i) = 9*i + 45. Let s(c) = 3*c + 15. Let r(d) = -7*s(d) + 2*w(d). Let f be -3 - -1 - 7 - -54*51/918. Give r(f).
3
Suppose -5*i - 81*m = -84*m + 11, -4*m = -5*i - 8. Let c(p) = p**3 + 3*p**2 - p + 10. Determine c(i).
-2
Suppose -3*y + 34 = 25. Let c(z) = 4*z - 10 + y + 2*z**2 + 11. Let g be (-14)/56 - (-22)/(-8). Calculate c(g).
10
Suppose -2*j - 39 + 47 = 0. Let c be ((-10)/4)/((-12)/24). Let d(h) = -3*h**2 + 0 - c*h - 25*h**3 - 3 + 26*h**3. What is d(j)?
-7
Let y(a) = -a**2 + 9*a - 7. Let v(d) = -d**2 + 13*d - 5. Let t be v(8). Let z = 32 - t. Let x be (-7)/(1/z*3). Give y(x).
7
Let c(j) = -15*j + 4. Suppose -2*d + 0 + 10 = 0. Let k(h) = -16*h + 3. Let n(w) = d*k(w) - 4*c(w). Determine n(-1).
19
Let t(b) = b**3 + 6*b**2 - 5*b + 4. Suppose 22*r - 7*r - 45 = 0. Let c(u) = u**3 - 8*u**2 + 10*u + 8. Let a be c(r). What is t(a)?
-10
Let b = -1864 + 1869. Let k(n) be the third derivative of n**6/120 - n**5/15 - n**4/3 + 11*n**3/6 - 43*n**2 - 1. Determine k(b).
-4
Let f = -1 - -5. Let g = 425 - 388. Let v(r) = g*r - 3 - 67*r + 32*r. What is v(f)?
5
Let d(t) = -2*t**3 - 32*t**2 - 31*t - 10. Let w = -2890 - -2875. Give d(w).
5
Let m(s) = 38*s**2 + 43*s - 42*s**2 - 2*s**2. What is m(7)?
7
Let y(w) be the third derivative of w**4/24 - 7*w**3/6 + 3*w**2. Suppose -9*d - 32 + 5 = 0. Let x(r) = 2*r**2 + 16*r + 37. Let t be x(d). Give y(t).
0
Let s(p) be the third derivative of 7*p**4/24 + 20*p**3 + 935*p**2. Determine s(-18).
-6
Let x(j) = -j**3 - 8*j**2 + 9*j - 2. Let y(l) = -54*l + 910. Let q be y(17). What is x(q)?
-74
Let j(a) = -3*a**3 + a**2 + 4*a. Let x be j(2). Let t(m) = -23*m - 290. Determine t(x).
-14
Let r(i) = -8*i - 4. Let j(q) = q**2 + 22*q - 88. Let w(d) = 3*d**2 + 45*d - 177. Let k(z) = -5*j(z) + 2*w(z). Let o be k(7). What is r(o)?
36
Suppose -26 = 4*s - 10. Let m(p) = -23*p**3 + 11*p**2 + 3. Let q(d) = 13*d**3 - 7*d**2 - 1. Let t(w) = 4*m(w) + 7*q(w). Calculate t(s).
-11
Let i(y) be the third derivative of -y**6/360 - y**5/30 + 25*y**4/8 + y**2 + 18. Let d(c) be the second derivative of i(c). What is d(4)?
-12
Suppose 0 = -9*m + 2*m + 1771. Let h = m - 248. Let k(p) = p**3 - 3*p**2 - 10*p + 1. Give k(h).
1
Let p = -3547 - -3539. Let y(c) = c + 28. Give y(p).
20
Let g(d) = -d**3 + 4*d**2 - d - 3. Let w(q) = -q**3 - 5 - 7 + 14 - 3*q**2. Let o(i) = i**3 + 2*i**2 - 1. Let b(y) = 5*o(y) + 4*w(y). Let n be b(2). Give g(n).
3
Let y(w) = -w**3 + 55*w - 101*w + 47*w - 2*w**2 + 76 + w**2. Give y(0).
76
Let a(t) = 2*t**3 - 4*t**2 - 8*t - 14. Let q be a(4). Let o(m) = -m**2 + 16*m + 20. Calculate o(q).
-16
Let v(f) = -23*f + 37. Let g(h) = -8*h + 10. Let m(c) = 14*g(c) - 4*v(c). Calculate m(-1).
12
Let z(a) = -19*a**2 - 52*a - 46. Let p(t) = 5*t**2 + 14*t + 12. Let o(c) = -15*p(c) - 4*z(c). Calculate o(4).
12
Let s be (4734/522 - 9) + 288/29. Let u(d) = 6*d - 26. Give u(s).
34
Let v(x) be the first derivative of x**4/12 - 13*x**3/6 - 153*x + 116. Let t(o) be the first derivative of v(o). Determine t(12).
-12
Let t(o) = o**3 + 3*o**2 - 2. Let b = -74 - -89. Let d(u) = -3*u + 52. Let i be d(b). Suppose -r - 24 = i*r. Give t(r).
-2
Let l(y) = -2*y**2 + 6*y + 15. Let s(q) = 2*q**2 - 7*q - 19. Let b(f) = -5*l(f) - 4*s(f). Suppose 17*i - 13*i = 4. What is b(i)?
1
Let p be -1 - (-3*(-24)/(-6) + 8). Let r(v) = 2*v**3 + v - 7. Give r(p).
50
Let k = -57 - -62. Let x be 6/((k - 4) + 2). Let n(s) = -261*s - 3*s**x - 6 + 258*s + 2*s**2. What is n(-4)?
-10
Let z = -7146 - -7144. Let m(u) = -9*u + 14. Calculate m(z).
32
Let y(l) = 102*l + 184. Let n be y(-6). Let c = n + 421. Let t(q) = -q + 9. Calculate t(c).
16
Let f(a) be the second derivative of 41*a**3/6 - 10*a. Let w be 6/33 - (-450)/550. Determine f(w).
41
Let m = 2026 - 2011. Let l(x) = -x + 14. Determine l(m).
-1
Let a = 24 + -20. Let l(c) = -a*c**2 + 3*c + 6*c**2 - 4*c**3 + 5*c**3 - 2*c**3. Determine l(-2).
10
Let q(u) = -u**2 + 5*u + 1. Let f(l) = 47*l**2 - 7*l - 1. Let y be f(-1). Suppose 56*o = y*o + 6. Suppose -5*m - a = -3*a - 16, o*m = -5*a + 18. Give q(m).
5
Let u = -21869 + 21887. Let v(j) = -j**3 + 20*j**2 - 48*j + 216. What is v(u)?
0
Suppose 3*v - 4*v + 91 = 5*h, 0 = -2*v + 4*h + 252. Suppose 4*g - v = -120. Let z(p) = 10*p. Calculate z(g).
-10
Let p(l) = l - 1. Let v(c) = 4. Let x(w) = 5*p(w) - v(w). Give x(5).
16
Suppose -4*y = -5*q + q, -2*y = -4*q + 6. Suppose 5*f - 515 = 5*g, g = -3*f - 0*g + 305. Let l(d) = -2 - f*d + q + 39*d + 53*d. Determine l(2).
-19
Let s be (-4 + (3 - -1))/((-12)/(-6)). Let r(u) = s*u + 634 - 632 - u. Determine r(2).
0
Let p = -238 - -235. Let y be (10/30)/(p/27). Let s(n) = 3*n + 11. Let v(u) = -2*u - 5. Let d(t) = -2*s(t) - 5*v(t). Give d(y).
-9
Let h(b) = b - 13. Let i(d) = 3*d - 1. Suppose -5*q + 9 = -j - j, 2*q - 4 = j. Let s be i(q). Suppose -4*y - 42 = -9*y - s*z, 0 = -z + 1. What is h(y)?
-5
Let q(a) be the third derivative of 2/3*a**3 + 0 + a**2 - 5/24*a**4 + 1/40*a**5 + 0*a. Let p(y) be the first derivative of q(y). Determine p(5).
10
Let t(h) = -h**2 + 5*h + 5. Let v be 684/3*(-1 + 3 + 0). Let a = -450 + v. What is t(a)?
-1
Let n(z) = -15*z - 196. Let a(y) = 3*y - 33. Let c(o) = -5*a(o) + n(o). Give c(-5).
119
Let f(l) = -18*l - 300. Let r(k) = -k**3 + 79*k**2 + 84*k - 336. Let n be r(80). What is f(n)?
-12
Let n(k) be the third derivative of -k**5/60 + k**4/4 + 19*k**3/6 - 4126*k**2. Determine n(8).
3
Let j(l) be the second derivative of -4*l**3/3 + l**2 - 1077*l + 2. Give j(3).
-22
Suppose -4*x + 3*r = -5751, 2*x - 1496 = 3*r + 1381. Suppose 12*q + x = 261. Let u = 93 + q. Let t(b) = b**3 + 4*b**2 - 7*b - 7. Calculate t(u).
3
Let c(o) = -o**3 + 3*o**2 - 22. Let s(r) = -3*r**3 + 8*r**2 - r - 66. Let n(x) = 17*c(x) - 6*s(x). Let m be n(-3). Let k(q) = q**2 - 5*q + 4. Calculate k(m).
0
Let p(a) = a**3 - 7*a**2 - 7*a - 1. Let m = -377 - -268. Let w = m + 117. Ca